Let w(f) = 3*f - 2. Calculate w(d).
10
Suppose 5*l = 103*l + 98. Let s(q) = -13*q - 5. Give s(l).
8
Let x(p) be the third derivative of -5/6*p**3 + 14*p**2 - 1/24*p**4 - 2*p + 0. Let s(n) = -n**2 + 3*n - 4. Let y be s(3). What is x(y)?
-1
Let n(o) = -58*o**3 - o**2 - o. Suppose -52*g + 42*g = 10. Give n(g).
58
Let h(p) = -8*p - 32. Let t be h(-7). Let n be ((-9)/4)/(3 - 81/t). Let y(r) = -r. Calculate y(n).
-6
Let g(i) = -i**2 - i - 2. Let w(q) = 3*q**2 + 2*q - 1. Let m(b) = 2*g(b) + w(b). Suppose 1 + 8 = -3*s. Calculate m(s).
4
Let a(d) = 3*d + 2. Let f(j) = -7*j + 10. Let x(q) = 6*a(q) + 3*f(q). Determine x(11).
9
Let n(a) be the first derivative of 19*a**2 + 717*a + 14451. Determine n(-19).
-5
Let g(q) = -q**3 + 10*q**2 + 9*q - 3. Let f be (-11 + 3 - (-9 - 10))/(0 - -1). Give g(f).
-25
Let v(p) be the third derivative of -p**4/6 + 7*p**3/6 - 8*p**2. Suppose -3*i + 15 = -2*z - 2*z, 3*z - 4*i = -13. Let a be ((-1)/(-2))/(z/6) + 6. What is v(a)?
-13
Let g(l) be the first derivative of -l**2/2 + 15*l + 316. What is g(14)?
1
Let a be 3*((-4)/36 + 2690/45). Let v(j) = -a + 86 + 85 - 3*j. What is v(-7)?
13
Let m(y) = 2*y - y**2 + 2*y**2 + 19 - 14 + 11*y. Suppose -2*d - 2*l = 6, 2*d = 7*d - 3*l + 55. Give m(d).
-35
Let k(a) = -8*a**2 - 1. Let p = -50 - -98. Let r = p + -45. Let b be (2 - -2) + -6 + r. Give k(b).
-9
Let c be 15/(-10)*(119/21 + -5). Let a(u) = 37*u**3 + u**2 - 1. What is a(c)?
-37
Let w be 3/12*-1 - (-297)/36. Let j be (-51)/(-24) - 1/w. Let m(r) = -2*r - 3. Calculate m(j).
-7
Let x(z) be the third derivative of z**6/120 - z**5/20 - z**4/4 + z**3/2 - 62908*z**2. Let y(t) = t**2 + 5*t - 2. Let d be y(-6). What is x(d)?
-5
Suppose -r - 4 = -11. Let d be (((-28)/(-16))/r)/(4/(-16)). Let a(v) = 3*v**3 + v**2 - v - 1. Give a(d).
-2
Let c(j) = 72*j + j**2 + 6 + 58*j - 137*j. Give c(5).
-4
Let k be 1 - 123 - ((7 - 5) + 0). Let q be k/(-16) - 1 - 3/4. Let r(x) = -4*x + 1. What is r(q)?
-23
Let m(f) be the first derivative of -35*f**2/2 + f + 2. Let t = -6359 - -6360. What is m(t)?
-34
Let m(u) = 6*u + 8. Suppose -12*o + 32 = 3*i - 14*o, 0 = i - 4*o - 34. What is m(i)?
44
Let v(m) = -m - 1. Let l(a) = -a. Let j(p) = -2*l(p) + v(p). Suppose -5*s + 85 = i + 4*i, -5*i - 3*s = -79. Suppose -1 = g, 3*x + 3 - i = -g. Calculate j(x).
3
Let l(k) = k + 2. Let r(t) = 2*t + 20. Let m(s) = 3*l(s) - r(s). Let u(g) = -8. Let q(d) = 3*m(d) - 5*u(d). Give q(5).
13
Let u(p) be the third derivative of 0 - 22*p**2 + 5/8*p**4 - 3/2*p**3 + 1/120*p**5 + 0*p. Let t(y) be the first derivative of u(y). Determine t(0).
15
Suppose -6*k = -2 + 44. Let t(j) = -j**3 - 8*j**2 - 5*j + 13. Let u be t(k). Let x be (-4)/(-14) - ((-78)/21 + u). Let i(f) = 4*f - 3. Calculate i(x).
17
Let v(u) = 3*u**2 + 25*u + 32. Let h be v(-7). Let l be (0/1)/(0 + 2). Let p(r) = 7*r - 5 + l*r - 4*r. Give p(h).
7
Suppose -5*i + 3*x = 38, 30*i - 35*i - 2*x = 8. Let h(b) = b**3 + 4*b**2 + 4*b + 1. Give h(i).
-15
Let j(f) = f**3 - 9*f + 1. Let t = -546 - -540. Let g(o) = 3*o**3 - o**2 - 27*o + 3. Let s(v) = t*g(v) + 17*j(v). Give s(7).
13
Let s(h) be the first derivative of -5*h**2/2 + 4*h - 1. Let n(t) = 2*t**3 + 292*t**2 - 307*t - 1906. Let i be n(-147). Determine s(i).
-21
Suppose -296 - 244 = -90*l. Let i(q) = 7*q - 24. Calculate i(l).
18
Let k = 1132 - 1137. Let c(m) = 5 + 0*m**2 - 4 + 4*m**2 - m - 5*m**2. What is c(k)?
-19
Let l(z) = z - 4. Let b be (0 - (1 + -1))/((-28)/(-14)). Suppose b - 9 = 2*c - 3*p, 2*p + 2 = 0. What is l(c)?
-10
Let i(w) be the first derivative of -w**3 - 3*w**2 + 2454. Determine i(-3).
-9
Let o(x) be the first derivative of x**3/3 - 17*x**2/2 + 29*x + 2072. What is o(16)?
13
Let c(g) = -g - 4. Let q be c(-8). Let o(r) be the second derivative of 0 + 93*r + 5/6*r**3 + 1/2*r**2. Calculate o(q).
21
Let o = 3533/42300 - 2/10575. Let m(v) be the third derivative of 0 - 31*v**2 + 0*v - o*v**4 - 1/3*v**3. Determine m(4).
-10
Let b(q) = -3*q**2 + 4*q**2 - 5 + q**3 - 264*q + 129*q + 136*q. Suppose a = -0*a. Give b(a).
-5
Let k(f) be the third derivative of -7*f**4/24 - 11*f**3/6 - 330*f**2 - f. Give k(2).
-25
Let v(y) be the second derivative of -127*y + 5/6*y**3 + 1 + 7*y**2. Calculate v(-10).
-36
Let a(z) be the first derivative of z**4/4 + 4*z**3 - 8*z**2 - 14*z - 122. Calculate a(-13).
25
Let i(f) be the second derivative of -f**5/10 - 25*f**4/12 - 17*f**3/3 + 3*f**2/2 - 13*f + 120. Give i(-11).
14
Let d(i) = -26*i**2 - 38*i + 41. Let w be d(1). Let r(h) = -5*h - 105. What is r(w)?
10
Suppose 79*h - o - 49 = 83*h, -5*o = -15. Let t(z) = -12*z - 158. What is t(h)?
-2
Let i = -1 - -19. Let v be (3*(-8)/i)/(12/(-27)). Let r(s) = -5*s**3 + 31*s**2 + s. Let w(c) = -c**3 + 6*c**2. Let t(a) = -2*r(a) + 11*w(a). Determine t(v).
3
Let v(i) = -2*i - 1 - 7*i + 3. Let b = 57622 - 57619. Calculate v(b).
-25
Let c(l) = -2*l**3 + 7*l**2 - 2*l + 8. Suppose -3*t + 84 - 82 = -y, -2*y = -3*t - 5. Determine c(t).
11
Let g(m) be the first derivative of -m**5/60 - m**4/24 + m**3/2 - m**2/2 + m + 237. Let s(y) be the second derivative of g(y). Give s(-4).
-9
Let r(u) = -u + 8. Suppose 4*z - 39 = -c, -3*c - 2 = 1. Let p = 123 + -101. Suppose -2*a = -p + z. Calculate r(a).
2
Suppose 11 = t - 3. Let p = -12 + t. Let k(x) = -3*x - 7*x**2 + 6*x + 2*x**2 + 0*x**2 + x**3. Calculate k(p).
-6
Let t = 900 - 897. Let m(b) = -b**3 + 4*b**2 - 6*b + 9. Give m(t).
0
Let o(l) = l**3 + 19*l**2 + 27*l - 50. Let v be o(-17). Suppose -49 + v = -5*n. Let c(s) = -7*s. Give c(n).
28
Let a be (-7)/(21/(-12))*(-3)/(-6). Let t be (-2)/(-4)*(a - 2). Let z(f) = t + 2 + 10*f + 3*f**2 - 2*f**2 + 10. Calculate z(-9).
3
Suppose 2*n - 11 = -3*i, 2*i - 3*n - 6 = -i. Let u = -21 - -26. Let h(r) = u*r - i*r + 0 + 1 + 2*r. Calculate h(2).
9
Let u(k) = -k**2 - 6*k - 3. Let o be (-420 - 63/(-7))*(-2)/6. Let n = -140 + o. Give u(n).
6
Suppose 6*s = -4*q + s - 39, -30 = 3*q + 4*s. Let k(a) = 4*a + 9. Let g be k(4). Let y(h) = -7*h + 3*h + 5 - 26*h**2 - h + g*h**2. What is y(q)?
-1
Let v(y) = 2*y**2 + 293*y - 1830. Let s be v(6). Let k(q) be the third derivative of q**4/24 + 4*q**3/3 - q**2. What is k(s)?
8
Suppose 2*q + 59 = 57. Let z(x) = -3*x - 5. Let v(k) = -2*k + 1. Let h(c) = q*z(c) - 2*v(c). Determine h(3).
24
Let h(m) = m**3 - 10*m**2 + 10*m + 3. Let u be h(6). Let o = u + 121. Let p(f) = 30 + f**2 - 60 + 9*f + o. Determine p(-8).
2
Suppose 4*p + 4*s = -56, -3*p - 497*s = -498*s - 2. Let n(l) be the first derivative of l**4/4 + 2*l**3/3 - l**2/2 + l - 1. What is n(p)?
-5
Let y(i) = i + 13. Let m = -382 - -415. Let k = m + -33. Give y(k).
13
Suppose 2*q + 4*t = -0*q + 10, 0 = 4*q - 5*t + 6. Suppose 3 + q = 2*m. Let a(w) be the third derivative of -w**4/6 - w**3/6 + 11*w**2 - 5. Give a(m).
-9
Let f(s) = 7*s**2 + s**2 - 1 - 8*s**2 + 2*s + s**2. Let z(b) = 3*b**2 - 4*b + 1. Let i(n) = -4*f(n) + z(n). What is i(-12)?
5
Let l be (9/(-6))/(2/(-4)). Suppose -b + 30 = 3*m, l*b + b = -4*m + 40. Let d = m - 7. Let h(s) = -s**3 + 3*s**2 + 4. Calculate h(d).
4
Let n be 3 + 3/(-4)*2*-4. Let x be (-2)/(-6)*8 - 6/n. Let v(k) = -11*k**3 - x - 2 - 3*k - 4*k**2 + 10*k**3. Calculate v(-4).
8
Let c(d) = -119*d + 35*d - 197 + 29*d + 27*d + 34*d. Determine c(35).
13
Let q(w) = -6*w**3 - 10*w**2 + 1. Let t(x) = 7*x**3 + 11*x**2. Let g be 1 + 11/((-55)/30). Let u(s) = g*t(s) - 6*q(s). Calculate u(-5).
-6
Suppose 2*c = 4*i - 28, 5*i - 61 = c - 38. Let d(q) = 12*q + 102. Let z be d(c). Let l(j) = 2*j + 4. Determine l(z).
16
Suppose 5*g + 7*s = 4*s - 23, -5*g = -3*s + 17. Let d(h) = -107 + 339 - h - 236. Give d(g).
0
Let f(r) = -r**2 + 21*r - 13. Suppose -p + 3360 = 5*c, -2*p - 1926 - 77 = -3*c. Let m = c - 651. Determine f(m).
7
Let y(j) be the second derivative of -5/12*j**4 + 2*j - 1/6*j**3 + 0 + j**2 - 1/20*j**5. Suppose -4*m - 12 = 4*a, 3*m - 5*a - 24 + 33 = 0. What is y(m)?
-13
Let x(r) = r - 19. Let k(j) = 4 + 6 + 7*j**2 - 13 + 47*j + 3. Let d be k(-7). What is x(d)?
-5
Let a(k) = k**2 - 10*k**2 + k**3 + 10*k - 5 + 0*k**3 + 1 - 3. Suppose -2*r = -2, -2*r + 5 = l + 2*l. Let n = l + 7. What is a(n)?
9
Let z(g) = -g**3 + 3*g**2 + 97*g - 17 + 119*g - 201*g. What is z(4)?
27
Let y(p) = 20*p**2 + p. Suppose -2*v = 4*d - 8, 0 = 4*v + 3*d - 4*d + 2. Suppose v = 7*c + 13 - 489. Suppose 69*r - c*r + 1 = 0. Determine y(r).
19
Let i(x) = -20*x**3 + 2*x**2